(-4)/9) + 0. Let x be (2 - y/(-6))*10. Let h = -3 + x. Calculate the remainder when 4 is divided by h.
0
Let l(p) = 3*p**2 + 4*p + 2. Let m(b) = -4*b**2 - 3*b - 3. Let r(a) = -3*l(a) - 2*m(a). What is the remainder when 17 is divided by r(-5)?
2
Suppose 2*j + 2*a + 3*a - 55 = 0, 10 = 2*a. Suppose 2*w - 13 = -5*p, w + 0*p = 4*p. Suppose -n + 2*n - w = 0. What is the remainder when j is divided by n?
3
Let w(l) = -l**3 - 12*l**2 - 5*l + 10. Let f be w(-12). Let v = 102 - f. What is the remainder when v is divided by 11?
10
Suppose -v = -t - 6*v + 11, 5*v = 5*t - 25. Calculate the remainder when 11 is divided by t.
5
Suppose -8*o + 10*o = 40. Calculate the remainder when 57 is divided by o.
17
Let l(k) = 4*k**2 - 3*k - 4. Let x(m) = m**2 - m - 1. Let s(z) = l(z) - 3*x(z). Let h(q) = -q + 10. What is the remainder when h(6) is divided by s(2)?
1
Let c be 3 + -4 - (-2 + -1). Suppose -c*y + 48 = -0*y. Suppose 5*p - 70 = -l, -l + 34 = 3*p - 2*l. Calculate the remainder when y is divided by p.
11
Let v(a) = -a**3 - 8*a**2 - 8*a + 1. Suppose -4*d + 0*b = 3*b + 22, 0 = 2*d - 3*b + 20. What is the remainder when 14 is divided by v(d)?
6
Suppose 3*y + 1 = 13. Suppose 5*q + 35 + 141 = 2*m, 324 = 4*m + y*q. Suppose 5*a - 12 = m. Calculate the remainder when 37 is divided by a.
18
Let z(q) = -7*q + 3. Suppose -5*u - 2 = 3*m - 12, 4*u - 8 = 2*m. Suppose -2*c - 21 = -n, 5*n - c = u*c + 77. What is the remainder when z(-3) is divided by n?
11
Suppose 2*q - q = 3*k - 16, 4*k = -2*q + 8. Calculate the remainder when 5 is divided by k.
1
Let u be (0 - 2 - -2)/(-1). Suppose u*g = 4*g - 48. Let o(h) = -h**3 + 4*h**2 + 7*h - 6. Calculate the remainder when o(4) is divided by g.
10
Suppose -6*s - 10 - 50 = 0. Calculate the remainder when 144/s*(-10)/3 is divided by 17.
14
Let r(n) = -n**2 - 16*n - 20. Let l be r(-15). Let w = 22 - l. Calculate the remainder when w is divided by 7.
6
Let r(q) = -14*q - 3*q**2 - 8 - 5 + 2*q**2. What is the remainder when 38 is divided by r(-11)?
18
Suppose 178 = -5*s + 7*s - n, s - 79 = 3*n. What is the remainder when s is divided by 23?
22
Let a = -11 + 14. Suppose 2*p = 2*q + 12, -a*p = -q - 14 - 12. Calculate the remainder when 29 is divided by p.
9
Let p be (-6)/15 + 6/15. Suppose p = 4*z + 2*g - 8, 2 - 3 = -3*z + g. Calculate the remainder when z is divided by 1.
0
Let b(n) = -n**2 - 3*n - 2*n**2 + 6 + 4*n**2. What is the remainder when b(6) is divided by 9?
6
Let d be (11 - -4)/(3/2). Suppose 14 = 2*v - d. Calculate the remainder when 23 is divided by v.
11
Suppose -124 + 34 = -3*u. Calculate the remainder when 119 is divided by u.
29
Let n(s) = 12*s + 0*s + 5*s - s. Calculate the remainder when n(2) is divided by (0 - 3)*51/(-9).
15
Suppose 14 + 4 = 3*b. Suppose -4*f - 5*k + 6 = 0, 3*f + k = f + b. Suppose 5*d - f*n = 53, -4*d - 4*n = d - 37. What is the remainder when d is divided by 5?
4
Let g = -30 - -43. Calculate the remainder when 47 is divided by g.
8
Calculate the remainder when 36 is divided by 54/30 + ((-18)/(-15) - 1).
0
Suppose 40 = 2*v + 2*v + 2*m, 3*v - 32 = -m. Suppose 3*a = -4*b + 102, -2*a - 6*b = -b - 68. What is the remainder when a is divided by v?
10
Suppose 3*h + 60 = 4*r, -r + h + 15 = 6*h. What is the remainder when 28 is divided by r?
13
Let c(p) = -4*p - p + 0 + 0*p**2 + 3 + 5*p**2. What is the remainder when c(2) is divided by 7?
6
Let u = 5 - 10. Let m = u + 14. What is the remainder when 26 is divided by m?
8
Let x(v) = 6*v + 1. Let r(k) = -k**2 + 12*k - 7. What is the remainder when x(6) is divided by r(10)?
11
Suppose -2*j = -7*j + 70. Calculate the remainder when (3/2)/((-9)/(-162)) is divided by j.
13
Let t(z) = 0*z**3 - 6*z**2 - z**3 + 5 + 2*z + 4. Let c be t(-6). Calculate the remainder when 15 + -2 - 0/c is divided by 8.
5
Suppose y - k = 13, -3*y - 5*k + 39 = -k. Calculate the remainder when 23 is divided by y.
10
Suppose h = 5 + 2. Let i(f) = f**2 - 6*f - 5. Calculate the remainder when 2 is divided by i(h).
0
Let a = -18 - -66. Let b = -4 + -21. Let o = a + b. What is the remainder when o is divided by 12?
11
Let j be (5 - 5) + 9/(-3). Suppose 3 = -3*p - 0. Let k = p - j. What is the remainder when 4 is divided by k?
0
Let d = -31 + 40. Calculate the remainder when 20 is divided by d.
2
Suppose 0 = -4*u - 14 - 2. Calculate the remainder when (u/(-8))/((-3)/(-258)) is divided by 22.
21
Let f(a) be the second derivative of a**5/20 - 5*a**4/12 + 2*a**3/3 + a**2/2 - 2*a. Let m be f(4). Calculate the remainder when 2*m*51/6 is divided by 6.
5
Let p = -5 - -24. Suppose -5*y + 6*y - 11 = 0. Calculate the remainder when p is divided by y.
8
Suppose 3*q - 5*n + 2*n = 159, 0 = -4*q + 2*n + 220. Calculate the remainder when q is divided by 20.
17
Let t = 13 + 18. Let p = -21 - -50. Let s = p - 18. Calculate the remainder when t is divided by s.
9
Let r(o) = -o + 1. Let l(j) = -j**3 - 7*j**2 - 3*j - 9. Calculate the remainder when l(-7) is divided by r(-4).
2
Suppose -3*i - 12 = 4*g, g - 8 = -3*g + 2*i. Suppose 5*w - 3*v - 67 = -g, 3*w = -2*v + 44. What is the remainder when 14/(-49) + (-380)/(-7) is divided by w?
12
Let m(y) = 20*y**2 + 2*y - 2. Suppose 8*w - 22 - 98 = 0. Calculate the remainder when m(-2) is divided by w.
14
Suppose 54 = -5*k + 69. Let f(a) be the third derivative of a**5/30 - a**4/8 - a**2. Calculate the remainder when k is divided by f(2).
1
Let y(q) = q**2 - 4. Calculate the remainder when 17 is divided by y(3).
2
Suppose 0 = -5*h + 2*q + 365, h - 76 = -0*h + q. What is the remainder when h is divided by 39?
32
Let v be 0 + (-30*2 - 3). What is the remainder when ((-4)/6)/(3/v) is divided by 5?
4
Let q(c) = -9*c - 11. What is the remainder when q(-9) is divided by 8?
6
Let k(h) = -2*h + 1. Let b be k(4). Let j be 1/1*(1 - b). Calculate the remainder when 10 is divided by 1/((-14)/j - -2).
2
Suppose 3*l = -68 + 2. Let u = l + 49. Suppose -5*i = -u - 28. Calculate the remainder when i is divided by 6.
5
Let w(x) = -x**2 + 14*x - 7. What is the remainder when 167 is divided by w(7)?
41
Let k(g) = g**2 - 2*g - 5. Let x be k(-4). Suppose x - 3 = p. What is the remainder when 63 is divided by p?
15
What is the remainder when (-565)/(-20) - (-3)/4 is divided by 5?
4
Let k = 77 - 47. Suppose -14*m - k = -15*m. What is the remainder when m is divided by 8?
6
Suppose 0 = -23*l + 27*l - 56. Calculate the remainder when 23 is divided by l.
9
Suppose -95 = -0*h + 5*h. Calculate the remainder when 0/2 + 0 - h is divided by 7.
5
Let k = 68 - 3. What is the remainder when k is divided by 17?
14
Let l(z) be the third derivative of z**5/60 - z**4/8 - 5*z**3/6 - 3*z**2. Let b = 30 - 16. What is the remainder when b is divided by l(5)?
4
Let o be 0*(-1)/2 - -114. Suppose 6*x = 3*x + o. Let n(t) = t**3 + 10*t**2 + 13. What is the remainder when x is divided by n(-10)?
12
Let n be (-90)/((2 - 1)*-1). Suppose t + m = 14, -m = -5*t - 2*m + n. What is the remainder when t is divided by 10?
9
Suppose -w = 4*y - 4, 0*y + 2*y = -5*w + 20. Suppose -3 = 3*a, 2*a = -5*q + w*a + 22. What is the remainder when 7 is divided by q?
3
Suppose 4*h + 19 + 5 = -4*x, -32 = 5*h + 4*x. Let j = 3 - h. Calculate the remainder when 30 is divided by j.
8
Let m = -7 + 10. Suppose -3*l = -m - 0. Calculate the remainder when (4 - l) + 2 + 0 is divided by 4.
1
Let p = -11 + 21. Let k(l) = l**2 + l - 10. Let j be k(-8). Suppose 5*w - j = -2*h, 74 = 5*h - 2*h + 5*w. What is the remainder when h is divided by p?
8
Let d = 5 + -6. Let y = d - -7. Suppose 0 = g - y - 10. What is the remainder when g is divided by 6?
4
Suppose -c - 2 + 4 = 2*r, 0 = c - 5*r - 30. Calculate the remainder when 17 is divided by c.
7
Suppose -3*i + 26 + 7 = 0. Calculate the remainder when (-13 - 2)/((-2)/4) is divided by i.
8
Suppose 5*s = 5*n - 1305, 1028 = 4*n + 10*s - 6*s. What is the remainder when n is divided by 26?
25
Suppose 9 = -2*z + 3*z. Let m(y) be the second derivative of -y**3/6 + y**2/2 + 3*y. What is the remainder when z is divided by m(-4)?
4
Let g be -7*(-1 - 3/(-21)). Suppose 3*q - 3*n - 27 = 0, -2*q - 5*n = -4*q + g. Calculate the remainder when (25/1)/(2/2) is divided by q.
12
What is the remainder when 39 is divided by (-60)/50*((-40)/6 + 0)?
7
Let h(d) = -d**3 - 10*d**2 - 16*d + 13. Calculate the remainder when 22 is divided by h(-